[INFO] cloning repository https://github.com/luisbebop/libp2p-example
[INFO] running `Command { std: "git" "-c" "credential.helper=" "-c" "credential.helper=/workspace/cargo-home/bin/git-credential-null" "clone" "--bare" "https://github.com/luisbebop/libp2p-example" "/workspace/cache/git-repos/https%3A%2F%2Fgithub.com%2Fluisbebop%2Flibp2p-example", kill_on_drop: false }`
[INFO] [stderr] Cloning into bare repository '/workspace/cache/git-repos/https%3A%2F%2Fgithub.com%2Fluisbebop%2Flibp2p-example'...
[INFO] running `Command { std: "git" "rev-parse" "HEAD", kill_on_drop: false }`
[INFO] [stdout] d362b7875e39fa45cb3288e7d988c98cbf54b3f9
[INFO] checking luisbebop/libp2p-example against try#72f88fc4e9458f89516a0b8b0868f3718aec5b47 for pr-74989
[INFO] running `Command { std: "git" "clone" "/workspace/cache/git-repos/https%3A%2F%2Fgithub.com%2Fluisbebop%2Flibp2p-example" "/workspace/builds/worker-4/source", kill_on_drop: false }`
[INFO] [stderr] Cloning into '/workspace/builds/worker-4/source'...
[INFO] [stderr] done.
[INFO] validating manifest of git repo https://github.com/luisbebop/libp2p-example on toolchain 72f88fc4e9458f89516a0b8b0868f3718aec5b47
[INFO] running `Command { std: "/workspace/cargo-home/bin/cargo" "+72f88fc4e9458f89516a0b8b0868f3718aec5b47" "read-manifest" "--manifest-path" "Cargo.toml", kill_on_drop: false }`
[INFO] started tweaking git repo https://github.com/luisbebop/libp2p-example
[INFO] finished tweaking git repo https://github.com/luisbebop/libp2p-example
[INFO] tweaked toml for git repo https://github.com/luisbebop/libp2p-example written to /workspace/builds/worker-4/source/Cargo.toml
[INFO] crate git repo https://github.com/luisbebop/libp2p-example already has a lockfile, it will not be regenerated
[INFO] running `Command { std: "/workspace/cargo-home/bin/cargo" "+72f88fc4e9458f89516a0b8b0868f3718aec5b47" "fetch" "--locked" "--manifest-path" "Cargo.toml", kill_on_drop: false }`
[INFO] [stderr]     Blocking waiting for file lock on package cache
[INFO] [stderr]  Downloading crates ...
[INFO] [stderr]   Downloaded send_wrapper v0.2.0
[INFO] [stderr]   Downloaded libp2p-wasm-ext v0.16.2
[INFO] [stderr]   Downloaded libp2p-swarm v0.16.1
[INFO] [stderr]   Downloaded libp2p-secio v0.16.1
[INFO] [stderr]   Downloaded subtle v2.2.2
[INFO] [stderr]   Downloaded ed25519-dalek v1.0.0-pre.3
[INFO] [stderr]   Downloaded yamux v0.4.4
[INFO] [stderr]   Downloaded curve25519-dalek v2.0.0
[INFO] [stderr]   Downloaded libp2p-plaintext v0.16.0
[INFO] [stderr]   Downloaded libp2p-mplex v0.16.0
[INFO] [stderr]   Downloaded libp2p-yamux v0.16.2
[INFO] [stderr]   Downloaded libp2p-kad v0.16.2
[INFO] [stderr]   Downloaded parity-send-wrapper v0.1.0
[INFO] [stderr]   Downloaded async-tls v0.6.0
[INFO] [stderr]   Downloaded soketto v0.3.2
[INFO] [stderr]   Downloaded libp2p-floodsub v0.16.0
[INFO] [stderr]   Downloaded snow v0.6.2
[INFO] [stderr]   Downloaded libp2p-ping v0.16.0
[INFO] [stderr]   Downloaded libp2p-deflate v0.16.0
[INFO] [stderr]   Downloaded uint v0.8.2
[INFO] [stderr]   Downloaded libp2p-dns v0.16.0
[INFO] [stderr]   Downloaded multimap v0.8.0
[INFO] [stderr]   Downloaded twofish v0.2.0
[INFO] [stderr]   Downloaded cuckoofilter v0.3.2
[INFO] [stderr]   Downloaded libp2p-core-derive v0.16.0
[INFO] [stderr]   Downloaded libp2p-gossipsub v0.16.0
[INFO] [stderr]   Downloaded multistream-select v0.7.0
[INFO] [stderr]   Downloaded x25519-dalek v0.6.0
[INFO] [stderr]   Downloaded libp2p-identify v0.16.0
[INFO] [stderr]   Downloaded prost-derive v0.6.1
[INFO] [stderr]   Downloaded rw-stream-sink v0.2.1
[INFO] [stderr]   Downloaded petgraph v0.5.0
[INFO] [stderr]   Downloaded libp2p-noise v0.16.2
[INFO] [stderr]   Downloaded aes-ctr v0.3.0
[INFO] [stderr]   Downloaded dns-parser v0.8.0
[INFO] [stderr]   Downloaded hmac-drbg v0.2.0
[INFO] [stderr]   Downloaded prost v0.6.1
[INFO] [stderr]   Downloaded prost-types v0.6.1
[INFO] [stderr]   Downloaded nohash-hasher v0.2.0
[INFO] [stderr]   Downloaded unsigned-varint v0.3.2
[INFO] [stderr]   Downloaded chacha20-poly1305-aead v0.1.2
[INFO] [stderr]   Downloaded libp2p v0.16.2
[INFO] [stderr]   Downloaded libp2p-mdns v0.16.0
[INFO] [stderr]   Downloaded asn1_der_derive v0.1.2
[INFO] [stderr]   Downloaded clear_on_drop v0.2.3
[INFO] [stderr]   Downloaded wasm-bindgen-futures v0.4.9
[INFO] [stderr]   Downloaded asn1_der v0.6.3
[INFO] [stderr]   Downloaded wasm-timer v0.2.4
[INFO] [stderr]   Downloaded libp2p-pnet v0.16.0
[INFO] [stderr]   Downloaded libp2p-core v0.16.0
[INFO] [stderr]   Downloaded parity-multiaddr v0.7.3
[INFO] [stderr]   Downloaded libsecp256k1 v0.3.5
[INFO] [stderr]   Downloaded anyhow v1.0.27
[INFO] [stderr]   Downloaded bs58 v0.3.0
[INFO] [stderr]   Downloaded futures_codec v0.3.4
[INFO] [stderr]   Downloaded parity-multihash v0.2.3
[INFO] [stderr]   Downloaded blake2 v0.8.1
[INFO] [stderr]   Downloaded proc-macro-hack v0.5.14
[INFO] [stderr]   Downloaded libp2p-tcp v0.16.0
[INFO] [stderr]   Downloaded libp2p-uds v0.16.0
[INFO] [stderr]   Downloaded quicksink v0.1.1
[INFO] [stderr]   Downloaded prost-build v0.6.1
[INFO] [stderr]   Downloaded libp2p-websocket v0.16.0
[INFO] running `Command { std: "docker" "create" "-v" "/var/lib/crater-agent-workspace/builds/worker-4/target:/opt/rustwide/target:rw,Z" "-v" "/var/lib/crater-agent-workspace/builds/worker-4/source:/opt/rustwide/workdir:ro,Z" "-v" "/var/lib/crater-agent-workspace/cargo-home:/opt/rustwide/cargo-home:ro,Z" "-v" "/var/lib/crater-agent-workspace/rustup-home:/opt/rustwide/rustup-home:ro,Z" "-e" "SOURCE_DIR=/opt/rustwide/workdir" "-e" "CARGO_TARGET_DIR=/opt/rustwide/target" "-e" "CARGO_HOME=/opt/rustwide/cargo-home" "-e" "RUSTUP_HOME=/opt/rustwide/rustup-home" "-w" "/opt/rustwide/workdir" "-m" "1610612736" "--user" "0:0" "--network" "none" "rustops/crates-build-env@sha256:d92eaeed33fa75130ca1ee6c8a01d1ffb62bac859dfdfb3450e3e5d1c0146529" "/opt/rustwide/cargo-home/bin/cargo" "+72f88fc4e9458f89516a0b8b0868f3718aec5b47" "metadata" "--no-deps" "--format-version=1", kill_on_drop: false }`
[INFO] [stdout] 95920f1768dc76023d1061c35914cfe6e5e590ece66e61c1003c756e24859a17
[INFO] [stderr] WARNING: Your kernel does not support swap limit capabilities or the cgroup is not mounted. Memory limited without swap.
[INFO] running `Command { std: "docker" "start" "-a" "95920f1768dc76023d1061c35914cfe6e5e590ece66e61c1003c756e24859a17", kill_on_drop: false }`
[INFO] running `Command { std: "docker" "inspect" "95920f1768dc76023d1061c35914cfe6e5e590ece66e61c1003c756e24859a17", kill_on_drop: false }`
[INFO] running `Command { std: "docker" "rm" "-f" "95920f1768dc76023d1061c35914cfe6e5e590ece66e61c1003c756e24859a17", kill_on_drop: false }`
[INFO] [stdout] 95920f1768dc76023d1061c35914cfe6e5e590ece66e61c1003c756e24859a17
[INFO] running `Command { std: "docker" "create" "-v" "/var/lib/crater-agent-workspace/builds/worker-4/target:/opt/rustwide/target:rw,Z" "-v" "/var/lib/crater-agent-workspace/builds/worker-4/source:/opt/rustwide/workdir:ro,Z" "-v" "/var/lib/crater-agent-workspace/cargo-home:/opt/rustwide/cargo-home:ro,Z" "-v" "/var/lib/crater-agent-workspace/rustup-home:/opt/rustwide/rustup-home:ro,Z" "-e" "SOURCE_DIR=/opt/rustwide/workdir" "-e" "CARGO_TARGET_DIR=/opt/rustwide/target" "-e" "CARGO_INCREMENTAL=0" "-e" "RUST_BACKTRACE=full" "-e" "RUSTFLAGS=--cap-lints=forbid" "-e" "CARGO_HOME=/opt/rustwide/cargo-home" "-e" "RUSTUP_HOME=/opt/rustwide/rustup-home" "-w" "/opt/rustwide/workdir" "-m" "1610612736" "--user" "0:0" "--network" "none" "rustops/crates-build-env@sha256:d92eaeed33fa75130ca1ee6c8a01d1ffb62bac859dfdfb3450e3e5d1c0146529" "/opt/rustwide/cargo-home/bin/cargo" "+72f88fc4e9458f89516a0b8b0868f3718aec5b47" "check" "--frozen" "--all" "--all-targets" "--message-format=json", kill_on_drop: false }`
[INFO] [stdout] 6dcf4f8f40eb3e1dba143aa80fc5dadbae71889df9c16af9d37fb5ed00b3830e
[INFO] [stderr] WARNING: Your kernel does not support swap limit capabilities or the cgroup is not mounted. Memory limited without swap.
[INFO] running `Command { std: "docker" "start" "-a" "6dcf4f8f40eb3e1dba143aa80fc5dadbae71889df9c16af9d37fb5ed00b3830e", kill_on_drop: false }`
[INFO] [stderr]     Blocking waiting for file lock on package cache
[INFO] [stderr]    Compiling libc v0.2.68
[INFO] [stderr]    Compiling syn v1.0.17
[INFO] [stderr]    Compiling byteorder v1.3.4
[INFO] [stderr]    Compiling typenum v1.11.2
[INFO] [stderr]    Compiling anyhow v1.0.27
[INFO] [stderr]    Compiling either v1.5.3
[INFO] [stderr]    Compiling ppv-lite86 v0.2.6
[INFO] [stderr]    Compiling bytes v0.5.4
[INFO] [stderr]    Compiling fixedbitset v0.2.0
[INFO] [stderr]    Compiling multimap v0.8.0
[INFO] [stderr]     Checking futures-core v0.3.4
[INFO] [stderr]     Checking slab v0.4.2
[INFO] [stderr]    Compiling proc-macro-nested v0.1.4
[INFO] [stderr]     Checking futures-io v0.3.4
[INFO] [stderr]     Checking futures-task v0.3.4
[INFO] [stderr]     Checking opaque-debug v0.2.3
[INFO] [stderr]     Checking byte-tools v0.3.1
[INFO] [stderr]     Checking untrusted v0.7.0
[INFO] [stderr]     Checking subtle v1.0.0
[INFO] [stderr]     Checking fake-simd v0.1.2
[INFO] [stderr]     Checking subtle v2.2.2
[INFO] [stderr]     Checking matches v0.1.8
[INFO] [stderr]     Checking arrayref v0.3.6
[INFO] [stderr]     Checking percent-encoding v2.1.0
[INFO] [stderr]     Checking fnv v1.0.6
[INFO] [stderr]     Checking bs58 v0.3.0
[INFO] [stderr]    Compiling semver-parser v0.7.0
[INFO] [stderr]     Checking void v1.0.2
[INFO] [stderr]     Checking futures-timer v3.0.2
[INFO] [stderr]    Compiling lazy_static v1.4.0
[INFO] [stderr]    Compiling crc32fast v1.2.0
[INFO] [stderr]     Checking adler32 v1.0.4
[INFO] [stderr]    Compiling httparse v1.3.4
[INFO] [stderr]     Checking once_cell v1.3.1
[INFO] [stderr]     Checking constant_time_eq v0.1.5
[INFO] [stderr]     Checking base64 v0.11.0
[INFO] [stderr]     Checking sha1 v0.6.0
[INFO] [stderr]     Checking nohash-hasher v0.2.0
[INFO] [stderr]     Checking ipnet v2.3.0
[INFO] [stderr]     Checking parity-send-wrapper v0.1.0
[INFO] [stderr]    Compiling ring v0.16.11
[INFO] [stderr]    Compiling clear_on_drop v0.2.3
[INFO] [stderr]    Compiling memoffset v0.5.4
[INFO] [stderr]    Compiling crossbeam-epoch v0.8.2
[INFO] [stderr]     Checking thread_local v1.0.1
[INFO] [stderr]     Checking lock_api v0.3.3
[INFO] [stderr]     Checking futures-channel v0.3.4
[INFO] [stderr]    Compiling itertools v0.8.2
[INFO] [stderr]     Checking block-padding v0.1.5
[INFO] [stderr]     Checking unicode-bidi v0.3.4
[INFO] [stderr]     Checking quicksink v0.1.1
[INFO] [stderr]    Compiling libz-sys v1.0.25
[INFO] [stderr]     Checking http v0.2.0
[INFO] [stderr]     Checking chacha20-poly1305-aead v0.1.2
[INFO] [stderr]     Checking miniz_oxide v0.3.6
[INFO] [stderr]    Compiling proc-macro2 v1.0.9
[INFO] [stderr]    Compiling log v0.4.8
[INFO] [stderr]    Compiling semver v0.9.0
[INFO] [stderr]     Checking arrayvec v0.4.12
[INFO] [stderr]     Checking crossbeam-utils v0.7.2
[INFO] [stderr]    Compiling indexmap v1.3.2
[INFO] [stderr]     Checking idna v0.2.0
[INFO] [stderr]     Checking regex v1.3.5
[INFO] [stderr]    Compiling rustc_version v0.2.3
[INFO] [stderr]     Checking blake2-rfc v0.2.18
[INFO] [stderr]     Checking kv-log-macro v1.0.4
[INFO] [stderr]    Compiling quote v1.0.3
[INFO] [stderr]     Checking crossbeam-channel v0.4.2
[INFO] [stderr]     Checking base64 v0.10.1
[INFO] [stderr]     Checking dns-parser v0.8.0
[INFO] [stderr]     Checking uint v0.8.2
[INFO] [stderr]     Checking iovec v0.1.4
[INFO] [stderr]     Checking num_cpus v1.12.0
[INFO] [stderr]     Checking getrandom v0.1.14
[INFO] [stderr]     Checking parking_lot_core v0.7.0
[INFO] [stderr]     Checking net2 v0.2.33
[INFO] [stderr]     Checking async-task v1.3.1
[INFO] [stderr]     Checking rand v0.4.6
[INFO] [stderr]     Checking get_if_addrs v0.5.3
[INFO] [stderr]     Checking atty v0.2.14
[INFO] [stderr]    Compiling which v3.1.1
[INFO] [stderr]    Compiling petgraph v0.5.0
[INFO] [stderr]     Checking bytes v0.4.12
[INFO] [stderr]     Checking crossbeam-deque v0.7.3
[INFO] [stderr]    Compiling parking_lot_core v0.6.2
[INFO] [stderr]    Compiling parking_lot v0.9.0
[INFO] [stderr]    Compiling snow v0.6.2
[INFO] [stderr]     Checking rand_core v0.5.1
[INFO] [stderr]     Checking url v2.1.1
[INFO] [stderr]     Checking flate2 v1.0.14
[INFO] [stderr]     Checking parking_lot v0.10.0
[INFO] [stderr]     Checking generic-array v0.12.3
[INFO] [stderr]     Checking mio v0.6.21
[INFO] [stderr]    Compiling const-random-macro v0.1.8
[INFO] [stderr]    Compiling prost-build v0.6.1
[INFO] [stderr]     Checking rand_chacha v0.2.2
[INFO] [stderr]     Checking tokio-io v0.1.13
[INFO] [stderr]     Checking digest v0.8.1
[INFO] [stderr]     Checking block-buffer v0.7.3
[INFO] [stderr]     Checking crypto-mac v0.7.0
[INFO] [stderr]     Checking stream-cipher v0.3.2
[INFO] [stderr]     Checking block-cipher-trait v0.6.2
[INFO] [stderr]     Checking rand v0.3.23
[INFO] [stderr]     Checking env_logger v0.7.1
[INFO] [stderr]     Checking rand v0.7.3
[INFO] [stderr]     Checking hmac v0.7.1
[INFO] [stderr]     Checking blake2 v0.8.1
[INFO] [stderr]     Checking sha2 v0.8.1
[INFO] [stderr]     Checking sha3 v0.8.2
[INFO] [stderr]     Checking sha-1 v0.8.2
[INFO] [stderr]     Checking aes-soft v0.3.3
[INFO] [stderr]     Checking twofish v0.2.0
[INFO] [stderr]     Checking cuckoofilter v0.3.2
[INFO] [stderr]     Checking salsa20-core v0.2.3
[INFO] [stderr]     Checking ctr v0.3.2
[INFO] [stderr]     Checking hmac-drbg v0.2.0
[INFO] [stderr]     Checking const-random v0.1.8
[INFO] [stderr]     Checking mio-uds v0.6.7
[INFO] [stderr]     Checking ahash v0.2.18
[INFO] [stderr]     Checking salsa20 v0.3.0
[INFO] [stderr]     Checking aes-ctr v0.3.0
[INFO] [stderr]     Checking async-std v1.5.0
[INFO] [stderr]     Checking hashbrown v0.6.3
[INFO] [stderr]     Checking libsecp256k1 v0.3.5
[INFO] [stderr]     Checking webpki v0.21.2
[INFO] [stderr]     Checking sct v0.6.0
[INFO] [stderr]     Checking lru v0.4.3
[INFO] [stderr]    Compiling tempfile v3.1.0
[INFO] [stderr]     Checking rustls v0.16.0
[INFO] [stderr]     Checking webpki-roots v0.17.0
[INFO] [stderr]     Checking webpki-roots v0.18.0
[INFO] [stderr]    Compiling synstructure v0.12.3
[INFO] [stderr]    Compiling wasm-bindgen-backend v0.2.59
[INFO] [stderr]    Compiling prost-derive v0.6.1
[INFO] [stderr]    Compiling futures-macro v0.3.4
[INFO] [stderr]    Compiling pin-project-internal v0.4.8
[INFO] [stderr]    Compiling zeroize_derive v1.0.0
[INFO] [stderr]    Compiling thiserror-impl v1.0.12
[INFO] [stderr]    Compiling asn1_der_derive v0.1.2
[INFO] [stderr]    Compiling libp2p-core-derive v0.16.0
[INFO] [stderr]    Compiling wasm-bindgen-macro-support v0.2.59
[INFO] [stderr]     Checking asn1_der v0.6.3
[INFO] [stderr]     Checking zeroize v1.1.0
[INFO] [stderr]    Compiling wasm-bindgen-macro v0.2.59
[INFO] [stderr]     Checking curve25519-dalek v2.0.0
[INFO] [stderr]     Checking futures-util v0.3.4
[INFO] [stderr]     Checking thiserror v1.0.12
[INFO] [stderr]     Checking ed25519-dalek v1.0.0-pre.3
[INFO] [stderr]     Checking x25519-dalek v0.6.0
[INFO] [stderr]     Checking wasm-bindgen v0.2.59
[INFO] [stderr]     Checking pin-project v0.4.8
[INFO] [stderr]    Compiling prost v0.6.1
[INFO] [stderr]     Checking js-sys v0.3.36
[INFO] [stderr]    Compiling prost-types v0.6.1
[INFO] [stderr]     Checking futures-executor v0.3.4
[INFO] [stderr]     Checking futures v0.3.4
[INFO] [stdout] error: return value of constructor must be a bare path
[INFO] [stdout]     --> /opt/rustwide/cargo-home/registry/src/github.com-1ecc6299db9ec823/js-sys-0.3.36/src/lib.rs:4791:13
[INFO] [stdout]      |
[INFO] [stdout] 4791 | /             /// The
[INFO] [stdout] 4792 | |             #[doc = $ctor]
[INFO] [stdout] 4793 | |             /// constructor creates an array of unsigned 8-bit integers.
[INFO] [stdout] 4794 | |             ///
[INFO] [stdout] ...    |
[INFO] [stdout] 4798 | |             #[wasm_bindgen(constructor)]
[INFO] [stdout] 4799 | |             pub fn new(constructor_arg: &JsValue) -> $name;
[INFO] [stdout]      | |___________________________________________________________^
[INFO] [stdout] ...
[INFO] [stdout] 4995 | / arrays! {
[INFO] [stdout] 4996 | |     /// `Int8Array()`
[INFO] [stdout] 4997 | |     /// https://developer.mozilla.org/en-US/docs/Web/JavaScript/Reference/Global_Objects/Int8Array
[INFO] [stdout] 4998 | |     Int8Array: i8,
[INFO] [stdout] ...    |
[INFO] [stdout] 5030 | |     Float64Array: f64,
[INFO] [stdout] 5031 | | }
[INFO] [stdout]      | |_- in this macro invocation
[INFO] [stdout]      |
[INFO] [stdout]      = note: this error originates in a macro (in Nightly builds, run with -Z macro-backtrace for more info)
[INFO] [stdout] 
[INFO] [stdout] 
[INFO] [stdout] error: return value of constructor must be a bare path
[INFO] [stdout]     --> /opt/rustwide/cargo-home/registry/src/github.com-1ecc6299db9ec823/js-sys-0.3.36/src/lib.rs:4801:13
[INFO] [stdout]      |
[INFO] [stdout] 4801 | /             /// An
[INFO] [stdout] 4802 | |             #[doc = $ctor]
[INFO] [stdout] 4803 | |             /// which creates an array with an internal buffer large
[INFO] [stdout] 4804 | |             /// enough for `length` elements.
[INFO] [stdout] ...    |
[INFO] [stdout] 4809 | |             #[wasm_bindgen(constructor)]
[INFO] [stdout] 4810 | |             pub fn new_with_length(length: u32) -> $name;
[INFO] [stdout]      | |_________________________________________________________^
[INFO] [stdout] ...
[INFO] [stdout] 4995 | / arrays! {
[INFO] [stdout] 4996 | |     /// `Int8Array()`
[INFO] [stdout] 4997 | |     /// https://developer.mozilla.org/en-US/docs/Web/JavaScript/Reference/Global_Objects/Int8Array
[INFO] [stdout] 4998 | |     Int8Array: i8,
[INFO] [stdout] ...    |
[INFO] [stdout] 5030 | |     Float64Array: f64,
[INFO] [stdout] 5031 | | }
[INFO] [stdout]      | |_- in this macro invocation
[INFO] [stdout]      |
[INFO] [stdout]      = note: this error originates in a macro (in Nightly builds, run with -Z macro-backtrace for more info)
[INFO] [stdout] 
[INFO] [stdout] 
[INFO] [stdout] error: return value of constructor must be a bare path
[INFO] [stdout]     --> /opt/rustwide/cargo-home/registry/src/github.com-1ecc6299db9ec823/js-sys-0.3.36/src/lib.rs:4812:13
[INFO] [stdout]      |
[INFO] [stdout] 4812 | /             /// An
[INFO] [stdout] 4813 | |             #[doc = $ctor]
[INFO] [stdout] 4814 | |             /// which creates an array with the given buffer but is a
[INFO] [stdout] 4815 | |             /// view starting at `byte_offset`.
[INFO] [stdout] ...    |
[INFO] [stdout] 4820 | |             #[wasm_bindgen(constructor)]
[INFO] [stdout] 4821 | |             pub fn new_with_byte_offset(buffer: &JsValue, byte_offset: u32) -> $name;
[INFO] [stdout]      | |_____________________________________________________________________________________^
[INFO] [stdout] ...
[INFO] [stdout] 4995 | / arrays! {
[INFO] [stdout] 4996 | |     /// `Int8Array()`
[INFO] [stdout] 4997 | |     /// https://developer.mozilla.org/en-US/docs/Web/JavaScript/Reference/Global_Objects/Int8Array
[INFO] [stdout] 4998 | |     Int8Array: i8,
[INFO] [stdout] ...    |
[INFO] [stdout] 5030 | |     Float64Array: f64,
[INFO] [stdout] 5031 | | }
[INFO] [stdout]      | |_- in this macro invocation
[INFO] [stdout]      |
[INFO] [stdout]      = note: this error originates in a macro (in Nightly builds, run with -Z macro-backtrace for more info)
[INFO] [stdout] 
[INFO] [stdout] 
[INFO] [stdout] error: return value of constructor must be a bare path
[INFO] [stdout]     --> /opt/rustwide/cargo-home/registry/src/github.com-1ecc6299db9ec823/js-sys-0.3.36/src/lib.rs:4823:13
[INFO] [stdout]      |
[INFO] [stdout] 4823 | /             /// An
[INFO] [stdout] 4824 | |             #[doc = $ctor]
[INFO] [stdout] 4825 | |             /// which creates an array with the given buffer but is a
[INFO] [stdout] 4826 | |             /// view starting at `byte_offset` for `length` elements.
[INFO] [stdout] ...    |
[INFO] [stdout] 4835 | |                 length: u32,
[INFO] [stdout] 4836 | |             ) -> $name;
[INFO] [stdout]      | |_______________________^
[INFO] [stdout] ...
[INFO] [stdout] 4995 | / arrays! {
[INFO] [stdout] 4996 | |     /// `Int8Array()`
[INFO] [stdout] 4997 | |     /// https://developer.mozilla.org/en-US/docs/Web/JavaScript/Reference/Global_Objects/Int8Array
[INFO] [stdout] 4998 | |     Int8Array: i8,
[INFO] [stdout] ...    |
[INFO] [stdout] 5030 | |     Float64Array: f64,
[INFO] [stdout] 5031 | | }
[INFO] [stdout]      | |_- in this macro invocation
[INFO] [stdout]      |
[INFO] [stdout]      = note: this error originates in a macro (in Nightly builds, run with -Z macro-backtrace for more info)
[INFO] [stdout] 
[INFO] [stdout] 
[INFO] [stdout] error: first argument of method must be a path
[INFO] [stdout]     --> /opt/rustwide/cargo-home/registry/src/github.com-1ecc6299db9ec823/js-sys-0.3.36/src/lib.rs:4843:32
[INFO] [stdout]      |
[INFO] [stdout] 4843 |               pub fn fill(this: &$name, value: $ty, start: u32, end: u32) -> $name;
[INFO] [stdout]      |                                  ^^^^^
[INFO] [stdout] ...
[INFO] [stdout] 4995 | / arrays! {
[INFO] [stdout] 4996 | |     /// `Int8Array()`
[INFO] [stdout] 4997 | |     /// https://developer.mozilla.org/en-US/docs/Web/JavaScript/Reference/Global_Objects/Int8Array
[INFO] [stdout] 4998 | |     Int8Array: i8,
[INFO] [stdout] ...    |
[INFO] [stdout] 5030 | |     Float64Array: f64,
[INFO] [stdout] 5031 | | }
[INFO] [stdout]      | |_- in this macro invocation
[INFO] [stdout]      |
[INFO] [stdout]      = note: this error originates in a macro (in Nightly builds, run with -Z macro-backtrace for more info)
[INFO] [stdout] 
[INFO] [stdout] 
[INFO] [stdout] error: first argument of method must be a path
[INFO] [stdout]     --> /opt/rustwide/cargo-home/registry/src/github.com-1ecc6299db9ec823/js-sys-0.3.36/src/lib.rs:4848:34
[INFO] [stdout]      |
[INFO] [stdout] 4848 |               pub fn buffer(this: &$name) -> ArrayBuffer;
[INFO] [stdout]      |                                    ^^^^^
[INFO] [stdout] ...
[INFO] [stdout] 4995 | / arrays! {
[INFO] [stdout] 4996 | |     /// `Int8Array()`
[INFO] [stdout] 4997 | |     /// https://developer.mozilla.org/en-US/docs/Web/JavaScript/Reference/Global_Objects/Int8Array
[INFO] [stdout] 4998 | |     Int8Array: i8,
[INFO] [stdout] ...    |
[INFO] [stdout] 5030 | |     Float64Array: f64,
[INFO] [stdout] 5031 | | }
[INFO] [stdout]      | |_- in this macro invocation
[INFO] [stdout]      |
[INFO] [stdout]      = note: this error originates in a macro (in Nightly builds, run with -Z macro-backtrace for more info)
[INFO] [stdout] 
[INFO] [stdout] 
[INFO] [stdout] error: first argument of method must be a path
[INFO] [stdout]     --> /opt/rustwide/cargo-home/registry/src/github.com-1ecc6299db9ec823/js-sys-0.3.36/src/lib.rs:4854:36
[INFO] [stdout]      |
[INFO] [stdout] 4854 |               pub fn subarray(this: &$name, begin: u32, end: u32) -> $name;
[INFO] [stdout]      |                                      ^^^^^
[INFO] [stdout] ...
[INFO] [stdout] 4995 | / arrays! {
[INFO] [stdout] 4996 | |     /// `Int8Array()`
[INFO] [stdout] 4997 | |     /// https://developer.mozilla.org/en-US/docs/Web/JavaScript/Reference/Global_Objects/Int8Array
[INFO] [stdout] 4998 | |     Int8Array: i8,
[INFO] [stdout] ...    |
[INFO] [stdout] 5030 | |     Float64Array: f64,
[INFO] [stdout] 5031 | | }
[INFO] [stdout]      | |_- in this macro invocation
[INFO] [stdout]      |
[INFO] [stdout]      = note: this error originates in a macro (in Nightly builds, run with -Z macro-backtrace for more info)
[INFO] [stdout] 
[INFO] [stdout] 
[INFO] [stdout] error: first argument of method must be a path
[INFO] [stdout]     --> /opt/rustwide/cargo-home/registry/src/github.com-1ecc6299db9ec823/js-sys-0.3.36/src/lib.rs:4860:33
[INFO] [stdout]      |
[INFO] [stdout] 4860 |               pub fn slice(this: &$name, begin: u32, end: u32) -> $name;
[INFO] [stdout]      |                                   ^^^^^
[INFO] [stdout] ...
[INFO] [stdout] 4995 | / arrays! {
[INFO] [stdout] 4996 | |     /// `Int8Array()`
[INFO] [stdout] 4997 | |     /// https://developer.mozilla.org/en-US/docs/Web/JavaScript/Reference/Global_Objects/Int8Array
[INFO] [stdout] 4998 | |     Int8Array: i8,
[INFO] [stdout] ...    |
[INFO] [stdout] 5030 | |     Float64Array: f64,
[INFO] [stdout] 5031 | | }
[INFO] [stdout]      | |_- in this macro invocation
[INFO] [stdout]      |
[INFO] [stdout]      = note: this error originates in a macro (in Nightly builds, run with -Z macro-backtrace for more info)
[INFO] [stdout] 
[INFO] [stdout] 
[INFO] [stdout] error: first argument of method must be a path
[INFO] [stdout]     --> /opt/rustwide/cargo-home/registry/src/github.com-1ecc6299db9ec823/js-sys-0.3.36/src/lib.rs:4867:36
[INFO] [stdout]      |
[INFO] [stdout] 4867 |               pub fn for_each(this: &$name, callback: &mut dyn FnMut($ty, u32, $name));
[INFO] [stdout]      |                                      ^^^^^
[INFO] [stdout] ...
[INFO] [stdout] 4995 | / arrays! {
[INFO] [stdout] 4996 | |     /// `Int8Array()`
[INFO] [stdout] 4997 | |     /// https://developer.mozilla.org/en-US/docs/Web/JavaScript/Reference/Global_Objects/Int8Array
[INFO] [stdout] 4998 | |     Int8Array: i8,
[INFO] [stdout] ...    |
[INFO] [stdout] 5030 | |     Float64Array: f64,
[INFO] [stdout] 5031 | | }
[INFO] [stdout]      | |_- in this macro invocation
[INFO] [stdout]      |
[INFO] [stdout]      = note: this error originates in a macro (in Nightly builds, run with -Z macro-backtrace for more info)
[INFO] [stdout] 
[INFO] [stdout] 
[INFO] [stdout] error: first argument of method must be a path
[INFO] [stdout]     --> /opt/rustwide/cargo-home/registry/src/github.com-1ecc6299db9ec823/js-sys-0.3.36/src/lib.rs:4872:34
[INFO] [stdout]      |
[INFO] [stdout] 4872 |               pub fn length(this: &$name) -> u32;
[INFO] [stdout]      |                                    ^^^^^
[INFO] [stdout] ...
[INFO] [stdout] 4995 | / arrays! {
[INFO] [stdout] 4996 | |     /// `Int8Array()`
[INFO] [stdout] 4997 | |     /// https://developer.mozilla.org/en-US/docs/Web/JavaScript/Reference/Global_Objects/Int8Array
[INFO] [stdout] 4998 | |     Int8Array: i8,
[INFO] [stdout] ...    |
[INFO] [stdout] 5030 | |     Float64Array: f64,
[INFO] [stdout] 5031 | | }
[INFO] [stdout]      | |_- in this macro invocation
[INFO] [stdout]      |
[INFO] [stdout]      = note: this error originates in a macro (in Nightly builds, run with -Z macro-backtrace for more info)
[INFO] [stdout] 
[INFO] [stdout] 
[INFO] [stdout] error: first argument of method must be a path
[INFO] [stdout]     --> /opt/rustwide/cargo-home/registry/src/github.com-1ecc6299db9ec823/js-sys-0.3.36/src/lib.rs:4877:39
[INFO] [stdout]      |
[INFO] [stdout] 4877 |               pub fn byte_length(this: &$name) -> u32;
[INFO] [stdout]      |                                         ^^^^^
[INFO] [stdout] ...
[INFO] [stdout] 4995 | / arrays! {
[INFO] [stdout] 4996 | |     /// `Int8Array()`
[INFO] [stdout] 4997 | |     /// https://developer.mozilla.org/en-US/docs/Web/JavaScript/Reference/Global_Objects/Int8Array
[INFO] [stdout] 4998 | |     Int8Array: i8,
[INFO] [stdout] ...    |
[INFO] [stdout] 5030 | |     Float64Array: f64,
[INFO] [stdout] 5031 | | }
[INFO] [stdout]      | |_- in this macro invocation
[INFO] [stdout]      |
[INFO] [stdout]      = note: this error originates in a macro (in Nightly builds, run with -Z macro-backtrace for more info)
[INFO] [stdout] 
[INFO] [stdout] 
[INFO] [stdout] error: first argument of method must be a path
[INFO] [stdout]     --> /opt/rustwide/cargo-home/registry/src/github.com-1ecc6299db9ec823/js-sys-0.3.36/src/lib.rs:4882:39
[INFO] [stdout]      |
[INFO] [stdout] 4882 |               pub fn byte_offset(this: &$name) -> u32;
[INFO] [stdout]      |                                         ^^^^^
[INFO] [stdout] ...
[INFO] [stdout] 4995 | / arrays! {
[INFO] [stdout] 4996 | |     /// `Int8Array()`
[INFO] [stdout] 4997 | |     /// https://developer.mozilla.org/en-US/docs/Web/JavaScript/Reference/Global_Objects/Int8Array
[INFO] [stdout] 4998 | |     Int8Array: i8,
[INFO] [stdout] ...    |
[INFO] [stdout] 5030 | |     Float64Array: f64,
[INFO] [stdout] 5031 | | }
[INFO] [stdout]      | |_- in this macro invocation
[INFO] [stdout]      |
[INFO] [stdout]      = note: this error originates in a macro (in Nightly builds, run with -Z macro-backtrace for more info)
[INFO] [stdout] 
[INFO] [stdout] 
[INFO] [stdout] error: first argument of method must be a path
[INFO] [stdout]     --> /opt/rustwide/cargo-home/registry/src/github.com-1ecc6299db9ec823/js-sys-0.3.36/src/lib.rs:4887:31
[INFO] [stdout]      |
[INFO] [stdout] 4887 |               pub fn set(this: &$name, src: &JsValue, offset: u32);
[INFO] [stdout]      |                                 ^^^^^
[INFO] [stdout] ...
[INFO] [stdout] 4995 | / arrays! {
[INFO] [stdout] 4996 | |     /// `Int8Array()`
[INFO] [stdout] 4997 | |     /// https://developer.mozilla.org/en-US/docs/Web/JavaScript/Reference/Global_Objects/Int8Array
[INFO] [stdout] 4998 | |     Int8Array: i8,
[INFO] [stdout] ...    |
[INFO] [stdout] 5030 | |     Float64Array: f64,
[INFO] [stdout] 5031 | | }
[INFO] [stdout]      | |_- in this macro invocation
[INFO] [stdout]      |
[INFO] [stdout]      = note: this error originates in a macro (in Nightly builds, run with -Z macro-backtrace for more info)
[INFO] [stdout] 
[INFO] [stdout] 
[INFO] [stdout] error: first argument of method must be a path
[INFO] [stdout]     --> /opt/rustwide/cargo-home/registry/src/github.com-1ecc6299db9ec823/js-sys-0.3.36/src/lib.rs:4891:37
[INFO] [stdout]      |
[INFO] [stdout] 4891 |               pub fn get_index(this: &$name, idx: u32) -> $ty;
[INFO] [stdout]      |                                       ^^^^^
[INFO] [stdout] ...
[INFO] [stdout] 4995 | / arrays! {
[INFO] [stdout] 4996 | |     /// `Int8Array()`
[INFO] [stdout] 4997 | |     /// https://developer.mozilla.org/en-US/docs/Web/JavaScript/Reference/Global_Objects/Int8Array
[INFO] [stdout] 4998 | |     Int8Array: i8,
[INFO] [stdout] ...    |
[INFO] [stdout] 5030 | |     Float64Array: f64,
[INFO] [stdout] 5031 | | }
[INFO] [stdout]      | |_- in this macro invocation
[INFO] [stdout]      |
[INFO] [stdout]      = note: this error originates in a macro (in Nightly builds, run with -Z macro-backtrace for more info)
[INFO] [stdout] 
[INFO] [stdout] 
[INFO] [stdout] error: first argument of method must be a path
[INFO] [stdout]     --> /opt/rustwide/cargo-home/registry/src/github.com-1ecc6299db9ec823/js-sys-0.3.36/src/lib.rs:4895:37
[INFO] [stdout]      |
[INFO] [stdout] 4895 |               pub fn set_index(this: &$name, idx: u32, value: $ty);
[INFO] [stdout]      |                                       ^^^^^
[INFO] [stdout] ...
[INFO] [stdout] 4995 | / arrays! {
[INFO] [stdout] 4996 | |     /// `Int8Array()`
[INFO] [stdout] 4997 | |     /// https://developer.mozilla.org/en-US/docs/Web/JavaScript/Reference/Global_Objects/Int8Array
[INFO] [stdout] 4998 | |     Int8Array: i8,
[INFO] [stdout] ...    |
[INFO] [stdout] 5030 | |     Float64Array: f64,
[INFO] [stdout] 5031 | | }
[INFO] [stdout]      | |_- in this macro invocation
[INFO] [stdout]      |
[INFO] [stdout]      = note: this error originates in a macro (in Nightly builds, run with -Z macro-backtrace for more info)
[INFO] [stdout] 
[INFO] [stdout] 
[INFO] [stderr]     Checking futures_codec v0.3.4
[INFO] [stderr]     Checking rw-stream-sink v0.2.1
[INFO] [stderr]     Checking wasm-timer v0.2.4
[INFO] [stderr]     Checking soketto v0.3.2
[INFO] [stderr]     Checking async-tls v0.6.0
[INFO] [stderr]     Checking yamux v0.4.4
[INFO] [stderr]     Checking libp2p-pnet v0.16.0
[INFO] [stdout] error[E0433]: failed to resolve: use of undeclared type or module `Int8Array`
[INFO] [stdout]     --> /opt/rustwide/cargo-home/registry/src/github.com-1ecc6299db9ec823/js-sys-0.3.36/src/lib.rs:4998:5
[INFO] [stdout]      |
[INFO] [stdout] 4998 |     Int8Array: i8,
[INFO] [stdout]      |     ^^^^^^^^^ use of undeclared type or module `Int8Array`
[INFO] [stdout] 
[INFO] [stdout] 
[INFO] [stdout] error[E0433]: failed to resolve: use of undeclared type or module `Int16Array`
[INFO] [stdout]     --> /opt/rustwide/cargo-home/registry/src/github.com-1ecc6299db9ec823/js-sys-0.3.36/src/lib.rs:5002:5
[INFO] [stdout]      |
[INFO] [stdout] 5002 |     Int16Array: i16,
[INFO] [stdout]      |     ^^^^^^^^^^ use of undeclared type or module `Int16Array`
[INFO] [stdout] 
[INFO] [stdout] 
[INFO] [stdout] error[E0433]: failed to resolve: use of undeclared type or module `Int32Array`
[INFO] [stdout]     --> /opt/rustwide/cargo-home/registry/src/github.com-1ecc6299db9ec823/js-sys-0.3.36/src/lib.rs:5006:5
[INFO] [stdout]      |
[INFO] [stdout] 5006 |     Int32Array: i32,
[INFO] [stdout]      |     ^^^^^^^^^^ use of undeclared type or module `Int32Array`
[INFO] [stdout] 
[INFO] [stdout] 
[INFO] [stdout] error[E0433]: failed to resolve: use of undeclared type or module `Uint8Array`
[INFO] [stdout]     --> /opt/rustwide/cargo-home/registry/src/github.com-1ecc6299db9ec823/js-sys-0.3.36/src/lib.rs:5010:5
[INFO] [stdout]      |
[INFO] [stdout] 5010 |     Uint8Array: u8,
[INFO] [stdout]      |     ^^^^^^^^^^ use of undeclared type or module `Uint8Array`
[INFO] [stdout] 
[INFO] [stdout] 
[INFO] [stderr]     Checking unsigned-varint v0.3.2
[INFO] [stdout] error[E0433]: failed to resolve: use of undeclared type or module `Uint8ClampedArray`
[INFO] [stdout]     --> /opt/rustwide/cargo-home/registry/src/github.com-1ecc6299db9ec823/js-sys-0.3.36/src/lib.rs:5014:5
[INFO] [stdout]      |
[INFO] [stdout] 5014 |     Uint8ClampedArray: u8,
[INFO] [stdout]      |     ^^^^^^^^^^^^^^^^^ use of undeclared type or module `Uint8ClampedArray`
[INFO] [stdout] 
[INFO] [stdout] 
[INFO] [stdout] error[E0433]: failed to resolve: use of undeclared type or module `Uint16Array`
[INFO] [stdout]     --> /opt/rustwide/cargo-home/registry/src/github.com-1ecc6299db9ec823/js-sys-0.3.36/src/lib.rs:5018:5
[INFO] [stdout]      |
[INFO] [stdout] 5018 |     Uint16Array: u16,
[INFO] [stdout]      |     ^^^^^^^^^^^ use of undeclared type or module `Uint16Array`
[INFO] [stdout] 
[INFO] [stdout] 
[INFO] [stdout] error[E0433]: failed to resolve: use of undeclared type or module `Uint32Array`
[INFO] [stdout]     --> /opt/rustwide/cargo-home/registry/src/github.com-1ecc6299db9ec823/js-sys-0.3.36/src/lib.rs:5022:5
[INFO] [stdout]      |
[INFO] [stdout] 5022 |     Uint32Array: u32,
[INFO] [stdout]      |     ^^^^^^^^^^^ use of undeclared type or module `Uint32Array`
[INFO] [stdout] 
[INFO] [stdout] 
[INFO] [stdout] error[E0433]: failed to resolve: use of undeclared type or module `Float32Array`
[INFO] [stdout]     --> /opt/rustwide/cargo-home/registry/src/github.com-1ecc6299db9ec823/js-sys-0.3.36/src/lib.rs:5026:5
[INFO] [stdout]      |
[INFO] [stdout] 5026 |     Float32Array: f32,
[INFO] [stdout]      |     ^^^^^^^^^^^^ use of undeclared type or module `Float32Array`
[INFO] [stdout] 
[INFO] [stdout] 
[INFO] [stdout] error[E0433]: failed to resolve: use of undeclared type or module `Float64Array`
[INFO] [stdout]     --> /opt/rustwide/cargo-home/registry/src/github.com-1ecc6299db9ec823/js-sys-0.3.36/src/lib.rs:5030:5
[INFO] [stdout]      |
[INFO] [stdout] 5030 |     Float64Array: f64,
[INFO] [stdout]      |     ^^^^^^^^^^^^ use of undeclared type or module `Float64Array`
[INFO] [stdout] 
[INFO] [stdout] 
[INFO] [stdout] error[E0412]: cannot find type `Int32Array` in this scope
[INFO] [stdout]    --> /opt/rustwide/cargo-home/registry/src/github.com-1ecc6299db9ec823/js-sys-0.3.36/src/lib.rs:700:37
[INFO] [stdout]     |
[INFO] [stdout] 700 |         pub fn notify(typed_array: &Int32Array, index: u32) -> Result<u32, JsValue>;
[INFO] [stdout]     |                                     ^^^^^^^^^^ not found in this scope
[INFO] [stdout] 
[INFO] [stdout] 
[INFO] [stdout] error[E0412]: cannot find type `Int32Array` in this scope
[INFO] [stdout]    --> /opt/rustwide/cargo-home/registry/src/github.com-1ecc6299db9ec823/js-sys-0.3.36/src/lib.rs:705:27
[INFO] [stdout]     |
[INFO] [stdout] 705 |             typed_array: &Int32Array,
[INFO] [stdout]     |                           ^^^^^^^^^^ not found in this scope
[INFO] [stdout] 
[INFO] [stdout] 
[INFO] [stdout] error[E0412]: cannot find type `Int32Array` in this scope
[INFO] [stdout]    --> /opt/rustwide/cargo-home/registry/src/github.com-1ecc6299db9ec823/js-sys-0.3.36/src/lib.rs:744:35
[INFO] [stdout]     |
[INFO] [stdout] 744 |         pub fn wait(typed_array: &Int32Array, index: u32, value: i32) -> Result<JsString, JsValue>;
[INFO] [stdout]     |                                   ^^^^^^^^^^ not found in this scope
[INFO] [stdout] 
[INFO] [stdout] 
[INFO] [stdout] error[E0412]: cannot find type `Int32Array` in this scope
[INFO] [stdout]    --> /opt/rustwide/cargo-home/registry/src/github.com-1ecc6299db9ec823/js-sys-0.3.36/src/lib.rs:751:27
[INFO] [stdout]     |
[INFO] [stdout] 751 |             typed_array: &Int32Array,
[INFO] [stdout]     |                           ^^^^^^^^^^ not found in this scope
[INFO] [stdout] 
[INFO] [stdout] 
[INFO] [stdout] error[E0412]: cannot find type `Int8Array` in this scope
[INFO] [stdout]     --> /opt/rustwide/cargo-home/registry/src/github.com-1ecc6299db9ec823/js-sys-0.3.36/src/lib.rs:4998:5
[INFO] [stdout]      |
[INFO] [stdout] 4998 |     Int8Array: i8,
[INFO] [stdout]      |     ^^^^^^^^^ not found in this scope
[INFO] [stdout] 
[INFO] [stdout] 
[INFO] [stdout] error[E0412]: cannot find type `Int16Array` in this scope
[INFO] [stdout]     --> /opt/rustwide/cargo-home/registry/src/github.com-1ecc6299db9ec823/js-sys-0.3.36/src/lib.rs:5002:5
[INFO] [stdout]      |
[INFO] [stdout] 5002 |     Int16Array: i16,
[INFO] [stdout]      |     ^^^^^^^^^^ not found in this scope
[INFO] [stdout] 
[INFO] [stdout] 
[INFO] [stdout] error[E0412]: cannot find type `Int32Array` in this scope
[INFO] [stdout]     --> /opt/rustwide/cargo-home/registry/src/github.com-1ecc6299db9ec823/js-sys-0.3.36/src/lib.rs:5006:5
[INFO] [stdout]      |
[INFO] [stdout] 5006 |     Int32Array: i32,
[INFO] [stdout]      |     ^^^^^^^^^^ not found in this scope
[INFO] [stdout] 
[INFO] [stdout] 
[INFO] [stdout] error[E0412]: cannot find type `Uint8Array` in this scope
[INFO] [stdout]     --> /opt/rustwide/cargo-home/registry/src/github.com-1ecc6299db9ec823/js-sys-0.3.36/src/lib.rs:5010:5
[INFO] [stdout]      |
[INFO] [stdout] 5010 |     Uint8Array: u8,
[INFO] [stdout]      |     ^^^^^^^^^^ not found in this scope
[INFO] [stdout] 
[INFO] [stdout] 
[INFO] [stdout] error[E0412]: cannot find type `Uint8ClampedArray` in this scope
[INFO] [stdout]     --> /opt/rustwide/cargo-home/registry/src/github.com-1ecc6299db9ec823/js-sys-0.3.36/src/lib.rs:5014:5
[INFO] [stdout]      |
[INFO] [stdout] 5014 |     Uint8ClampedArray: u8,
[INFO] [stdout]      |     ^^^^^^^^^^^^^^^^^ not found in this scope
[INFO] [stdout] 
[INFO] [stdout] 
[INFO] [stdout] error[E0412]: cannot find type `Uint16Array` in this scope
[INFO] [stdout]     --> /opt/rustwide/cargo-home/registry/src/github.com-1ecc6299db9ec823/js-sys-0.3.36/src/lib.rs:5018:5
[INFO] [stdout]      |
[INFO] [stdout] 5018 |     Uint16Array: u16,
[INFO] [stdout]      |     ^^^^^^^^^^^ not found in this scope
[INFO] [stdout] 
[INFO] [stdout] 
[INFO] [stdout] error[E0412]: cannot find type `Uint32Array` in this scope
[INFO] [stdout]     --> /opt/rustwide/cargo-home/registry/src/github.com-1ecc6299db9ec823/js-sys-0.3.36/src/lib.rs:5022:5
[INFO] [stdout]      |
[INFO] [stdout] 5022 |     Uint32Array: u32,
[INFO] [stdout]      |     ^^^^^^^^^^^ not found in this scope
[INFO] [stdout] 
[INFO] [stdout] 
[INFO] [stdout] error[E0412]: cannot find type `Float32Array` in this scope
[INFO] [stdout]     --> /opt/rustwide/cargo-home/registry/src/github.com-1ecc6299db9ec823/js-sys-0.3.36/src/lib.rs:5026:5
[INFO] [stdout]      |
[INFO] [stdout] 5026 |     Float32Array: f32,
[INFO] [stdout]      |     ^^^^^^^^^^^^ not found in this scope
[INFO] [stdout] 
[INFO] [stdout] 
[INFO] [stdout] error[E0412]: cannot find type `Float64Array` in this scope
[INFO] [stdout]     --> /opt/rustwide/cargo-home/registry/src/github.com-1ecc6299db9ec823/js-sys-0.3.36/src/lib.rs:5030:5
[INFO] [stdout]      |
[INFO] [stdout] 5030 |     Float64Array: f64,
[INFO] [stdout]      |     ^^^^^^^^^^^^ not found in this scope
[INFO] [stdout] 
[INFO] [stdout] 
[INFO] [stderr]     Checking parity-multihash v0.2.3
[INFO] [stderr]     Checking multistream-select v0.7.0
[INFO] [stdout] error: aborting due to 37 previous errors
[INFO] [stdout] 
[INFO] [stdout] 
[INFO] [stdout] Some errors have detailed explanations: E0412, E0433.
[INFO] [stdout] 
[INFO] [stdout] For more information about an error, try `rustc --explain E0412`.
[INFO] [stdout] 
[INFO] [stderr]     Checking parity-multiaddr v0.7.3
[INFO] [stderr] error: could not compile `js-sys`.
[INFO] [stderr] 
[INFO] [stderr] To learn more, run the command again with --verbose.
[INFO] [stderr] warning: build failed, waiting for other jobs to finish...
[INFO] [stderr] error: build failed
[INFO] running `Command { std: "docker" "inspect" "6dcf4f8f40eb3e1dba143aa80fc5dadbae71889df9c16af9d37fb5ed00b3830e", kill_on_drop: false }`
[INFO] running `Command { std: "docker" "rm" "-f" "6dcf4f8f40eb3e1dba143aa80fc5dadbae71889df9c16af9d37fb5ed00b3830e", kill_on_drop: false }`
[INFO] [stdout] 6dcf4f8f40eb3e1dba143aa80fc5dadbae71889df9c16af9d37fb5ed00b3830e
